vative of d(z). What is w(-4)?
8
Let x(c) = c + 15. Suppose 0 = -2*k + 4*k + 24. Let a be x(k). Let s(y) be the first derivative of -y**2/2 - 3*y + 34. Give s(a).
-6
Let u(d) = -8*d + 219. Let p be u(28). Let f(c) be the third derivative of c**5/60 + c**4/4 + c**3/2 + 34*c**2. Determine f(p).
-2
Let i(h) = -6 + 3 - h + 1. Let g(c) = 9*c**2 - 74*c + 19. Let m be (-22)/(-2) + (-33 - -30). Let z be g(m). Calculate i(z).
-5
Let o(b) = 7*b**3 - 5*b + 68. Let z(m) = -m**3 + 2*m - 2. Let a(j) = -o(j) - 3*z(j). Let p(y) be the first derivative of a(y). What is p(-1)?
-13
Let s(k) be the third derivative of k**4/8 + 5*k**3/6 - 339*k**2. Suppose -6*v + 9*v = -5*n + 42, -10 = n - 4*v. Give s(n).
23
Let r(u) be the first derivative of 7*u**2/2 + 8*u - 1681. Give r(7).
57
Let t(q) = q - 45. Let r be 1*0*(-4)/(-68). Give t(r).
-45
Let d(l) = -22*l + 3*l + 17*l - 1 - 4 + 4*l. Suppose 7*z = 2*z + 25. What is d(z)?
5
Let r(a) = 3 - 1155*a + 577*a + 571*a + 5. Determine r(1).
1
Let y(s) = -s + 13. Let h(k) = -k - 30. Let u be h(-9). Let m(t) = 3*t + 74. Let a be m(u). What is y(a)?
2
Let b = -48 + 60. Suppose b*n = -0*n + 2544. Let i be 2 - (-48)/(-27) - n/(-18). Let j(g) = g**3 - 13*g**2 + 11*g + 11. Calculate j(i).
-1
Let h(z) be the third derivative of -z**4/12 - 7*z**3/2 + 1748*z**2. Determine h(-21).
21
Let z(t) = -7 + 223488*t + 19 - 223495*t + 2*t**2. What is z(2)?
6
Let u(c) be the first derivative of 2*c**3/3 + 29*c**2/2 - 39*c + 1851. Determine u(-16).
9
Suppose -132 = 66*t - 33*t. Let h(z) = -4*z - 2*z**2 - 4 + 8 + 3*z**2 - 3*z**2. What is h(t)?
-12
Let g be (10/7)/((-60)/525) - (-1)/2. Let y(h) = h**2 + 13*h - 22. Calculate y(g).
-34
Let n = 647 - 630. Let u(o) = -n + 6 + o - 2 + 9. Calculate u(10).
6
Suppose 5*s - 650 = 5*v, s + 63 + 59 = -v. Let h = 119 + v. Let m(i) = -2*i - 8. Give m(h).
6
Let i(g) = -15*g - 71. Let n be i(-5). Let w(y) = 4 + 3 - n + y**2 + 0*y**2. Determine w(0).
3
Let g(r) be the second derivative of r**5/20 + 13*r**4/12 - 7*r**3/6 - 6*r**2 - 1885*r. Calculate g(-13).
79
Let d(h) = h**2 - 6*h - 2. Suppose -j = -4*w + j + 44, 5*w - 34 = -j. What is d(w)?
14
Suppose 65 = 104*n - 105*n. Let c = n + 81. Let z(l) = -14 + 36 + 6*l - c - 4*l. Give z(-7).
-8
Let f(l) = -4*l. Let o = 4657 + -4664. Determine f(o).
28
Let a = 109 - 120. Let l(m) = 12 + 994*m - 1994*m + 6 + 1001*m. Give l(a).
7
Let k = 184050 - 184047. Let p(n) = n**2 + 4 - n + 0*n**2 + 0*n. Give p(k).
10
Let w(t) = t**2 + 8*t + 1. Let y(d) = -9*d - 17. Let m be y(-8). Let o be 1*2*m/22. Suppose -7 - 33 = o*x. Calculate w(x).
1
Let u(x) be the second derivative of -x**3/6 - 9*x**2/2 - 18*x. Let g(m) = m + 8. Let b(c) = 5*g(c) + 4*u(c). Calculate b(-4).
0
Let k(r) = -10 - 4 + 5 + 64*r**3 + 9*r - 66*r**3 + 4*r + 21*r**2. Calculate k(11).
13
Let w(z) be the first derivative of 117*z**2/2 + 707*z + 8907. Determine w(-6).
5
Let n = 8 + -4. Let g(b) be the third derivative of 2/3*b**3 + 1/20*b**5 - 1/120*b**6 + 0*b - 60*b**2 + 1/6*b**4 + 0. What is g(n)?
4
Let i(w) = w**2 + 14*w + 20. Suppose s = 2*p - s - 16, 0 = 5*s + 20. Let k be (-22 - 2)*2/p + 0. What is i(k)?
-4
Suppose -4*i = -3*i + 5*q - 15, -4*q = 8. Let h = 25 - i. Let d(m) = 0*m - m**2 + 2*m + h*m. Determine d(-3).
-15
Suppose 0 = -5*w + 3*w + 8. Suppose -5*b = -4*m - 44, -w*m + 4*b = -6*m + 4. Let k(p) = -p + 0*p + 5*p - p. What is k(m)?
-18
Let w(k) = 21*k**3 + k**2 + 6*k - 1. Let s(t) = -16*t**3 - 2*t**2 - 5*t. Let b(h) = -4*s(h) - 3*w(h). Let v = -7 + 2. Give b(v).
-7
Suppose 0 = -143*a + 149*a + 30. Let y(o) = -42*o - 43*o + 131*o - 10 - 42*o. Calculate y(a).
-30
Let l(o) = -5*o + 4 - 6 + 3. Let j be (3630/(-9075))/(((-1)/5)/(-1)). What is l(j)?
11
Let z = -11 + 17. Let c(v) = 2*v + 8. Let d(i) be the first derivative of -3*i**2/2 - 12*i - 41. Let q(x) = 7*c(x) + 5*d(x). What is q(z)?
-10
Let a(b) be the first derivative of 3/2*b**2 + 1/4*b**4 + 17 - 1/60*b**5 + 0*b - 1/3*b**3. Let i(f) be the second derivative of a(f). Calculate i(7).
-9
Let i(a) = a - 4. Let l be i(6). Suppose -2*m + 3*m - l*s - 18 = 0, -3*m + 2*s + 34 = 0. Let r(d) = -d + 8*d**2 + d - 447*d**3 + 446*d**3 - 4. Determine r(m).
-4
Let y = -16874 - -16866. Let z(o) = -4*o**3 - 31*o**2 + 9*o. Calculate z(y).
-8
Suppose -4*g + 8 = -2*a, 0 = 2*a - 22*g + 17*g + 12. Let k be 1/(-4) - 5273/(-4). Let x(h) = a*h - k + 10*h + 1317. What is x(-1)?
-15
Let d = -1918 + 1916. Let s(v) = v - 6. Let j be s(8). Let i(y) = 5*y + y - 5*y - j*y**2 + y**2. Give i(d).
-6
Let s(d) = 2*d**3 - 4*d**2 + 2*d - 4. Let l(k) = k**3 + 1. Let g(j) = 3*l(j) - s(j). Let a = -30 - -33. Suppose 33 = -a*b + 18. Calculate g(b).
-8
Let k be 11/(11/3) - 6. Let g(x) = -3*x**2 - 9*x - 3. Let m(b) = 2*b**2 + 9*b + 4. Let d(p) = k*g(p) - 4*m(p). Let i = -3 - -12. Calculate d(i).
-7
Let w be (0 + -9)/((-45)/30). Let s be 2*2 - ((-24)/w - -3). Let b(c) = 139*c - c**2 - 262*c + 128*c - 6. What is b(s)?
-6
Let i(p) = -4*p**2 + 20 + 3*p**2 - 4 + 0*p**2 + 332*p - 340*p. What is i(-12)?
-32
Suppose 4*s - 89 = -3*q, -3*q + s + 25 = -2*q. Suppose 3*j = -9 + q. Let d(t) = 7*t + 0*t - 4*t**2 + 3*t**2 - 4. Calculate d(j).
2
Let a(c) = -5*c**2 - c. Let g = 59 + -256. Let q = 195 + g. Determine a(q).
-18
Let x(z) = -5*z - 2. Let d = -250 + 254. Let i be ((-5)/(-2))/((-2)/4). Let b be 25/i + d/2. Give x(b).
13
Let x be 672/63 - (-2)/(-3). Let h(w) = 2*w**2 - 4*w**2 - 3 + 3*w**2 - 15*w + 4*w. Determine h(x).
-13
Let z(t) be the third derivative of t**5/60 - t**4/8 - 1148*t**2. Give z(5).
10
Let f(q) = -2*q**2 - 10*q + 3*q - 9 + q**2. Let h = 24 - 5. Let b = 13 - h. Determine f(b).
-3
Let c(l) be the first derivative of l**3/3 + 9*l**2/2 + 4*l + 1627. Let a = -18 + 10. Calculate c(a).
-4
Suppose 446*y + 24 = 448*y. Let r be 6 + -7 + -2 + y. Let q(t) = 3*t + 2. Let d(b) = 2*b + 2. Let f(p) = 4*d(p) - 3*q(p). Calculate f(r).
-7
Let d(t) = t**3 - 2*t**2 - 3*t + 1. Let w be 36/(-126) - (-57)/(-21). Determine d(w).
-35
Let g be 0/(-2) + 7/1. Suppose -110*l = -118*l + 16. Let m(z) = -268*z**2 + 267*z**l - 41 + 7*z + 47. Determine m(g).
6
Let r(s) = s**2 + 15*s - 16. Let k(w) = 5*w**2 + 71*w - 81. Let t(i) = 3*k(i) - 14*r(i). Determine t(-5).
-9
Let m be -3*35/(-21) - -5. Let a(x) = -x**2 - 1 + 37 - 2*x - 8 - m - 7. What is a(-6)?
-13
Let z(t) = -14*t - 3. Let s(r) = -21*r - 4. Let c(a) = 5*s(a) - 7*z(a). Suppose -4*x = -95*k + 92*k - 7, -x - 2 = 3*k. Give c(x).
-6
Let u(a) = 1 - 3 - a + 3 - 1 - 3. Let i(d) = -11*d + 135. Let p be i(12). Determine u(p).
-6
Suppose -9*r = 5*z - 6*r - 28, 0 = -3*r + 18. Let k(x) = -3*x. Determine k(z).
-6
Let q(n) = n**3 - 5*n**2 + 2*n - 3. Let f(m) = 8*m**2 - 4*m - 23. Let z be f(-8). Let j = -516 + z. What is q(j)?
7
Let g(t) = -t + 3. Suppose l - 12 = 7*l. Let n be l - (25/(-5) + 2). Let f = n - -2. What is g(f)?
0
Suppose 41 = -w + 44. Let c be (-1 - -1)/(-4 - (0 - w)). Let p(j) = c*j**2 + 4*j**2 - 5*j**2. Give p(4).
-16
Let d(x) be the third derivative of x**6/360 + x**5/24 - 13*x**4/24 + 143*x**3/6 - 7*x**2 - x. Let q(l) be the first derivative of d(l). Determine q(-6).
-7
Suppose 1 = -0*l + 2*l - 5*y, -2*l - 4*y = -28. Suppose 21*a + l = 25*a. Suppose -5*b - 30 = r + 4*r, 0 = -a*b + 2*r - 8. Let w(m) = m + 2. Give w(b).
-3
Let a(c) = -26*c**2 + 2 + 17*c + 12*c**2 + 4 + 13*c**2. What is a(16)?
22
Let j(i) = i**3 + 8*i**2 - 13*i - 28. Let a be j(-9). Suppose -4*z - x - 5 = -10, 2*z + 4*x + a = 0. Let y(b) = 2*b - 1. What is y(z)?
3
Suppose v - 76 = -3*v. Suppose i = 4*d + v, 6*i - 6 = 4*i. Let z(f) = -31*f**2 - 2*f - 29*f**2 + 65*f**2 + 2 - 3 - 10*f**2 - f**3. Calculate z(d).
-9
Suppose 4*c + 7 = 23. Let q = 471 - 466. Let i(n) = n**3 - q*n**3 - 1 + 3*n**2 + 5*n - 14*n**3 + 17*n**3. Give i(c).
3
Let z(a) = -a + 10. Suppose 0 = -1905*w + 1915*w - 100. Give z(w).
0
Let p(o) be the third derivative of 0 + 0*o - 1/15*o**5 - 1/2*o**3 + 17/24*o**4 - 5*o**2. Let l be p(4). Let k(w) = 3*w**3 + 2*w - 1. What is k(l)?
4
Let r be (10*(-7)/105*38)/(4/(-3)). Let v(g) = -g**2 + 12*g + 135. Calculate v(r).
2
Let j(k) = -2*k**2 + 10*k - 1. Let d(p) = 46*p - 1 + 0*p**2 - p**2 - 41*p. Let c(q) = 7*d(q) - 4*j(q). What is c(7)?
11
Let y(b) be the second derivative of -b**3/6 + 2*b**2 + 2*b. Let v(a) = 8*a - 20. Let t be v(9). Let n be (2/(-3) - t/(-39))*6. Determine y(n).
0
Let r = -7 - 14